{"id":183,"date":"2024-04-16T06:41:41","date_gmt":"2024-04-16T06:41:41","guid":{"rendered":"https:\/\/ostsvenska.alghundklubben.com\/?page_id=183"},"modified":"2025-02-20T06:33:10","modified_gmt":"2025-02-20T06:33:10","slug":"arsmoten","status":"publish","type":"page","link":"https:\/\/ostsvenska.alghundklubben.com\/index.php\/sample-page\/arsmoten\/","title":{"rendered":"\u00c5rsm\u00f6ten"},"content":{"rendered":"\n<p>\u00d6stsvenska \u00c4lghundklubben v\u00e4lkomnar alla medlemmar p\u00e5 \u00e5rsm\u00f6te!<br>N\u00e4r: Onsdagen den 26 februari kl:18.00, klubben bjuder p\u00e5 kaffe och kaka.<br>Var: Arenahotellet i Uppsala.<br>Motioner ska vara styrelsen tillhanda senast 15 januari via ostsvenska@alghundklubben.com.<br>V\u00e4lkomna!<\/p>\n\n\n\n<p>\u00c5rsm\u00f6tesprotokoll:<\/p>\n\n\n\n<ul class=\"wp-block-list\">\n<li><strong>\u00c5rsm\u00f6tesprotokoll 2024<\/strong><\/li>\n\n\n\n<li><strong>\u00c5rsm\u00f6tesprotokoll 2023<\/strong><\/li>\n\n\n\n<li><strong>\u00c5rsm\u00f6tesprotokoll 2022<\/strong><\/li>\n\n\n\n<li><strong>\u00c5rsm\u00f6tesprotokoll 2021<\/strong><\/li>\n\n\n\n<li><strong>\u00c5rsm\u00f6tesprotokoll 2020<\/strong><\/li>\n<\/ul>\n","protected":false},"excerpt":{"rendered":"<p>\u00d6stsvenska \u00c4lghundklubben v\u00e4lkomnar alla medlemmar p\u00e5 \u00e5rsm\u00f6te!N\u00e4r: Onsdagen den 26 februari kl:18.00, klubben bjuder p\u00e5 kaffe och kaka.Var: Arenahotellet i Uppsala.Motioner ska vara styrelsen tillhanda senast 15 januari via ostsvenska@alghundklubben.com.V\u00e4lkomna! \u00c5rsm\u00f6tesprotokoll:<\/p>\n","protected":false},"author":1,"featured_media":0,"parent":2,"menu_order":0,"comment_status":"closed","ping_status":"closed","template":"","meta":{"footnotes":""},"class_list":["post-183","page","type-page","status-publish","hentry"],"_links":{"self":[{"href":"https:\/\/ostsvenska.alghundklubben.com\/index.php\/wp-json\/wp\/v2\/pages\/183","targetHints":{"allow":["GET"]}}],"collection":[{"href":"https:\/\/ostsvenska.alghundklubben.com\/index.php\/wp-json\/wp\/v2\/pages"}],"about":[{"href":"https:\/\/ostsvenska.alghundklubben.com\/index.php\/wp-json\/wp\/v2\/types\/page"}],"author":[{"embeddable":true,"href":"https:\/\/ostsvenska.alghundklubben.com\/index.php\/wp-json\/wp\/v2\/users\/1"}],"replies":[{"embeddable":true,"href":"https:\/\/ostsvenska.alghundklubben.com\/index.php\/wp-json\/wp\/v2\/comments?post=183"}],"version-history":[{"count":4,"href":"https:\/\/ostsvenska.alghundklubben.com\/index.php\/wp-json\/wp\/v2\/pages\/183\/revisions"}],"predecessor-version":[{"id":474,"href":"https:\/\/ostsvenska.alghundklubben.com\/index.php\/wp-json\/wp\/v2\/pages\/183\/revisions\/474"}],"up":[{"embeddable":true,"href":"https:\/\/ostsvenska.alghundklubben.com\/index.php\/wp-json\/wp\/v2\/pages\/2"}],"wp:attachment":[{"href":"https:\/\/ostsvenska.alghundklubben.com\/index.php\/wp-json\/wp\/v2\/media?parent=183"}],"curies":[{"name":"wp","href":"https:\/\/api.w.org\/{rel}","templated":true}]}}