{"id":2,"date":"2024-04-03T18:18:46","date_gmt":"2024-04-03T18:18:46","guid":{"rendered":"https:\/\/ostsvenska.alghundklubben.com\/?page_id=2"},"modified":"2025-02-20T06:46:00","modified_gmt":"2025-02-20T06:46:00","slug":"sample-page","status":"publish","type":"page","link":"https:\/\/ostsvenska.alghundklubben.com\/index.php\/sample-page\/","title":{"rendered":"Medlemsinfo"},"content":{"rendered":"\n<p><strong>V\u00e4lkommen som medlem i \u00d6stsvenska \u00c4lghundklubb som \u00e4r en av 10 lokalklubbar i Svenska \u00c4lghundklubben vilken i sin tur \u00e4r ansluten till Svenska kennelklubben,&nbsp;SKK.<\/strong><\/p>\n\n\n\n<p>V\u00e5rat verksamhetsomr\u00e5de best\u00e5r av&nbsp; Uppland, V\u00e4stmanland och S\u00f6dermanland\u2019s l\u00e4n.<\/p>\n\n\n\n<p>Svenska \u00c4lghundklubbens \u00e4ndam\u00e5l \u00e4r att i egenskap av ansluten specialklubb till Svenska Kennelklubben, ur s\u00e5v\u00e4l jakt- som exteri\u00f6rsynpunkt, fr\u00e4mja aveln med av Svenska Kennelklubben erk\u00e4nda \u00e4lghundraser, samt verka f\u00f6r utveckling av dressyr och praktiskt bruk av dessa raser.<\/p>\n\n\n\n<p><strong>Som medlem i \u00d6stsvenska \u00c4lghundklubben f\u00e5r du:<\/strong><\/p>\n\n\n\n<ul class=\"wp-block-list\">\n<li>R\u00e4tt att st\u00e4lla ut din hund p\u00e5 v\u00e5ra utst\u00e4llningar<\/li>\n\n\n\n<li>Starta din hund p\u00e5 jaktprov<\/li>\n\n\n\n<li>G\u00f6ra din r\u00f6st h\u00f6rd p\u00e5 \u00d6S\u00c4K:s och \u00e4ven S\u00c4K:s \u00e5rsm\u00f6ten<\/li>\n\n\n\n<li>Svenska \u00c4lghundklubbens tidskrift \u00c4lghunden, 4 nummer\/\u00e5r<\/li>\n\n\n\n<li>Personlig avelsr\u00e5dgivning<\/li>\n\n\n\n<li>Ta del av medlemserbjudanden och rabatter<\/li>\n\n\n\n<li>M\u00f6jlighet att genom klubbarbete p\u00e5verka \u00c4lghundklubbens syften<\/li>\n\n\n\n<li>Engagera dig! H\u00f6r av dig till oss om du vill hj\u00e4lpa till i klubben.<\/li>\n<\/ul>\n\n\n\n<p><strong>Som medlem bidrar du \u00e4ven till att underh\u00e5lla och utveckla:<\/strong><\/p>\n\n\n\n<ul class=\"wp-block-list\">\n<li>Hitta \u00c4lghund \u2013 S\u00c4K:s presentationssida \u00f6ver \u00e4lghundar och deras resultat d\u00e4r du kan hitta din \u00e4lghund och f\u00e5 en snabb \u00f6verblick vad den har f\u00f6r sl\u00e4ktingar, syskon och avkommor. Du kan \u00e4ven se hur den sk\u00f6tt sig p\u00e5 jaktprov och utst\u00e4llningar. Detta g\u00e4ller i f\u00f6rsta hand inom Sveriges gr\u00e4nser.<\/li>\n\n\n\n<li>Provdata \u2013 S\u00c4K:s administrativa sida f\u00f6r jaktprov och utst\u00e4llningar<\/li>\n<\/ul>\n\n\n\n<p><strong>Familjemedlemskap<\/strong><\/p>\n\n\n\n<p>\u00c4r ni tv\u00e5 personer som \u00e4ger samma hund m\u00e5ste b\u00e5da vara medlemmar.<\/p>\n\n\n\n<p>\u00c4r ni flera inom samma familj? D\u00e5 kan \u00f6vriga vara familjemedlemmar s\u00e5 l\u00e4nge det finns en ordinarie medlem p\u00e5 samma adress.<\/p>\n\n\n\n<p><strong>Medlemsportal<\/strong><\/p>\n\n\n\n<p>Inloggning till din medlemsportal:<\/p>\n\n\n\n<p><a href=\"http:\/\/www.provdata.se\/medlem\">www.provdata.se\/medlem<\/a><\/p>\n\n\n\n<p>Du loggar in med ditt medlemsnummer och personliga kod som finns i informationen p\u00e5 uts\u00e4nd inbetalningsavi.<\/p>\n\n\n\n<p>Uppgifterna trycks \u00e4ven p\u00e5 baksidan av \u00c4lghunden och kan \u00e4ven rekvireras fr\u00e5n S\u00c4K:s kansli.<\/p>\n\n\n\n<p>\u00c4r du ny medlem kan det dr\u00f6ja n\u00e5gon vecka innan det g\u00e5r att logga in.<\/p>\n\n\n\n<p><strong>Medlems\u00e5ret<\/strong><\/p>\n\n\n\n<p>Medlems\u00e5ret l\u00f6per per kalender\u00e5r dvs. januari \u2013 december. Du som betalar in sent p\u00e5 \u00e5ret \u2013 uppge vilket \u00e5r som medlemskapet ska g\u00e4lla.<\/p>\n\n\n\n<p>Inbetalningskort\/medlemskort f\u00f6r n\u00e4stkommande \u00e5r, skickas i december till personer som varit medlemmar innevarande \u00e5r.<\/p>\n\n\n\n<p><strong>Stadgar<\/strong><\/p>\n\n\n\n<p><a href=\"https:\/\/www.alghundklubben.com\/dokument\/styrdokument\/AO_4-Stadgar-Svenska-Alghundklubbens-lokalklubbar.pdf\">Klicka h\u00e4r f\u00f6r att se \u00d6stsvenska \u00c4lghundklubbens stadgar.<\/a><\/p>\n\n\n\n<p><strong>Jobba f\u00f6r \u00d6S\u00c4K?<\/strong><\/p>\n\n\n\n<p>K\u00e4nner du att du kan t\u00e4nka dig att bidra eller k\u00e4nner du n\u00e5gon som du tycker \u00e4r l\u00e4mplig? H\u00f6r av dig till n\u00e5gon i valberedningen s\u00e5 f\u00e5r vi en bra kandidatbank att v\u00e4lja ur inf\u00f6r framtida val. Vi vill ha en god kontakt med er medlemmar, h\u00f6r av er till oss om ni har f\u00f6rslag, helst f\u00f6re sista november.<\/p>\n\n\n\n<p><em>Lars Berglund<\/em><br>Ordf\u00f6rande<\/p>\n","protected":false},"excerpt":{"rendered":"<p>V\u00e4lkommen som medlem i \u00d6stsvenska \u00c4lghundklubb som \u00e4r en av 10 lokalklubbar i Svenska \u00c4lghundklubben vilken i sin tur \u00e4r ansluten till Svenska kennelklubben,&nbsp;SKK. V\u00e5rat verksamhetsomr\u00e5de best\u00e5r av&nbsp; Uppland, V\u00e4stmanland och S\u00f6dermanland\u2019s l\u00e4n. Svenska \u00c4lghundklubbens \u00e4ndam\u00e5l \u00e4r att i egenskap av ansluten specialklubb till Svenska Kennelklubben, ur s\u00e5v\u00e4l jakt- som exteri\u00f6rsynpunkt, fr\u00e4mja aveln med av [&hellip;]<\/p>\n","protected":false},"author":1,"featured_media":0,"parent":0,"menu_order":0,"comment_status":"closed","ping_status":"open","template":"","meta":{"footnotes":""},"class_list":["post-2","page","type-page","status-publish","hentry"],"_links":{"self":[{"href":"https:\/\/ostsvenska.alghundklubben.com\/index.php\/wp-json\/wp\/v2\/pages\/2","targetHints":{"allow":["GET"]}}],"collection":[{"href":"https:\/\/ostsvenska.alghundklubben.com\/index.php\/wp-json\/wp\/v2\/pages"}],"about":[{"href":"https:\/\/ostsvenska.alghundklubben.com\/index.php\/wp-json\/wp\/v2\/types\/page"}],"author":[{"embeddable":true,"href":"https:\/\/ostsvenska.alghundklubben.com\/index.php\/wp-json\/wp\/v2\/users\/1"}],"replies":[{"embeddable":true,"href":"https:\/\/ostsvenska.alghundklubben.com\/index.php\/wp-json\/wp\/v2\/comments?post=2"}],"version-history":[{"count":4,"href":"https:\/\/ostsvenska.alghundklubben.com\/index.php\/wp-json\/wp\/v2\/pages\/2\/revisions"}],"predecessor-version":[{"id":478,"href":"https:\/\/ostsvenska.alghundklubben.com\/index.php\/wp-json\/wp\/v2\/pages\/2\/revisions\/478"}],"wp:attachment":[{"href":"https:\/\/ostsvenska.alghundklubben.com\/index.php\/wp-json\/wp\/v2\/media?parent=2"}],"curies":[{"name":"wp","href":"https:\/\/api.w.org\/{rel}","templated":true}]}}